{"id":967,"date":"2015-08-13T18:41:10","date_gmt":"2015-08-13T18:41:10","guid":{"rendered":"http:\/\/www.vivacor.com.br\/v2\/?page_id=967"},"modified":"2024-08-22T17:01:53","modified_gmt":"2024-08-22T17:01:53","slug":"tintas-base-agua-v2","status":"publish","type":"page","link":"http:\/\/www.vivacor.com.br\/v2\/tintas-base-agua-v2\/","title":{"rendered":"Tintas &#8211; Base \u00c1gua v2"},"content":{"rendered":"<p>LINHA BASE \u00c1GUA PARA PAPEL &#8211; Esta linha de tintas possui algumas deriva\u00e7\u00f5es que possibilitam atender todos os mercados que trabalham com tinta base \u00e1gua, como veremos abaixo:<br \/>\n&#8211; Tinta base \u00e1gua para saquinho: com custo mais reduzido.<br \/>\n&#8211; Tintas base \u00e1gua para caixas: desenvolvidas conforme a necessidade, especifica\u00e7\u00f5es ou ainda restri\u00e7\u00f5es do cliente. Podem ser aplicadas em caixas de Kraft branco, pardo, sacos multi folhados e tamb\u00e9m bobinas de papel monol\u00facido.<br \/>\n&#8211; Tintas base \u00e1gua para frigor: foi desenvolvida com a finalidade de atender o mercado de caixas para frutas e produtos que s\u00e3o armazenados em frigor\u00edficos ou c\u00e2maras frias. Estas tintas n\u00e3o apresentam migra\u00e7\u00e3o de corantes, pois s\u00e3o formuladas com pigmentos resistentes e sem metais pesados. Produto indicado para caixas de exporta\u00e7\u00e3o. Pode ser usado tamb\u00e9m em bobinas de papel monol\u00facido ou saquinhos.<br \/>\n&#8211; Tintas base \u00e1gua para couch\u00e9 e banda estreita: desenvolvida com resinas que conferem r\u00e1pido desprendimento de \u00e1gua, propiciando assim uma secagem muito mais r\u00e1pida que tintas convencionais. Formulada com pigmentos org\u00e2nicos sem metais pesados e sem migra\u00e7\u00e3o.<br \/>\nUtilizada em embalagens para sabonete, saches, etiquetas e outros.<\/p>\n<p>LINHA BASE \u00c1GUA PARA FILMES FLEX\u00cdVEIS &#8211; S\u00e9rie desenvolvida para aplica\u00e7\u00e3o em filmes flex\u00edveis como, Polietileno, polipropileno e Bopp, em impress\u00e3o externa e reversa. Apresenta excelente ader\u00eancia nesses substratos al\u00e9m de \u00f3tima flexibilidade, brilho e transpar\u00eancia.<\/p>\n","protected":false},"excerpt":{"rendered":"<p>LINHA BASE \u00c1GUA PARA PAPEL &#8211; Esta linha de tintas possui algumas deriva\u00e7\u00f5es que possibilitam atender todos os mercados que trabalham com tinta base \u00e1gua, como veremos abaixo: &#8211; Tinta base \u00e1gua para saquinho: com custo mais reduzido. &#8211; Tintas base \u00e1gua para caixas: desenvolvidas conforme a necessidade, especifica\u00e7\u00f5es ou ainda restri\u00e7\u00f5es do cliente. Podem ser aplicadas em caixas de [&hellip;]<\/p>\n","protected":false},"author":1,"featured_media":0,"parent":0,"menu_order":0,"comment_status":"closed","ping_status":"closed","template":"","meta":{"footnotes":""},"class_list":["post-967","page","type-page","status-publish","hentry"],"_links":{"self":[{"href":"http:\/\/www.vivacor.com.br\/v2\/wp-json\/wp\/v2\/pages\/967"}],"collection":[{"href":"http:\/\/www.vivacor.com.br\/v2\/wp-json\/wp\/v2\/pages"}],"about":[{"href":"http:\/\/www.vivacor.com.br\/v2\/wp-json\/wp\/v2\/types\/page"}],"author":[{"embeddable":true,"href":"http:\/\/www.vivacor.com.br\/v2\/wp-json\/wp\/v2\/users\/1"}],"replies":[{"embeddable":true,"href":"http:\/\/www.vivacor.com.br\/v2\/wp-json\/wp\/v2\/comments?post=967"}],"version-history":[{"count":1,"href":"http:\/\/www.vivacor.com.br\/v2\/wp-json\/wp\/v2\/pages\/967\/revisions"}],"predecessor-version":[{"id":968,"href":"http:\/\/www.vivacor.com.br\/v2\/wp-json\/wp\/v2\/pages\/967\/revisions\/968"}],"wp:attachment":[{"href":"http:\/\/www.vivacor.com.br\/v2\/wp-json\/wp\/v2\/media?parent=967"}],"curies":[{"name":"wp","href":"https:\/\/api.w.org\/{rel}","templated":true}]}}