{"id":969,"date":"2015-08-14T11:40:12","date_gmt":"2015-08-14T11:40:12","guid":{"rendered":"http:\/\/www.vivacor.com.br\/v2\/?page_id=969"},"modified":"2024-08-22T17:06:44","modified_gmt":"2024-08-22T17:06:44","slug":"vernizes-base-solvente-v2-2","status":"publish","type":"page","link":"http:\/\/www.vivacor.com.br\/v2\/vernizes-base-solvente-v2-2\/","title":{"rendered":"Vernizes &#8211; Base \u00c1gua v2"},"content":{"rendered":"<p>VERNIZ DE COMPLEMENTO &#8211; Produto destinado ao preparo de tintas em conjunto com as bases concentradas.<\/p>\n<p>VERNIZ DE CORTE &#8211; Desenvolvido para ser usado como redutor de intensidade das tintas.<\/p>\n<p>VERNIZ DE BRILHO &#8211; Real\u00e7a o brilho, proporcionando destaque da impress\u00e3o.<\/p>\n<p>VERNIZ PROTE\u00c7\u00c3O &#8211; Para proteger a impress\u00e3o de agente externos como: \u00e1gua, atrito e outros.<\/p>\n","protected":false},"excerpt":{"rendered":"<p>VERNIZ DE COMPLEMENTO &#8211; Produto destinado ao preparo de tintas em conjunto com as bases concentradas. VERNIZ DE CORTE &#8211; Desenvolvido para ser usado como redutor de intensidade das tintas. VERNIZ DE BRILHO &#8211; Real\u00e7a o brilho, proporcionando destaque da impress\u00e3o. VERNIZ PROTE\u00c7\u00c3O &#8211; Para proteger a impress\u00e3o de agente externos como: \u00e1gua, atrito e outros.<\/p>\n","protected":false},"author":1,"featured_media":0,"parent":0,"menu_order":0,"comment_status":"closed","ping_status":"closed","template":"","meta":{"footnotes":""},"class_list":["post-969","page","type-page","status-publish","hentry"],"_links":{"self":[{"href":"http:\/\/www.vivacor.com.br\/v2\/wp-json\/wp\/v2\/pages\/969"}],"collection":[{"href":"http:\/\/www.vivacor.com.br\/v2\/wp-json\/wp\/v2\/pages"}],"about":[{"href":"http:\/\/www.vivacor.com.br\/v2\/wp-json\/wp\/v2\/types\/page"}],"author":[{"embeddable":true,"href":"http:\/\/www.vivacor.com.br\/v2\/wp-json\/wp\/v2\/users\/1"}],"replies":[{"embeddable":true,"href":"http:\/\/www.vivacor.com.br\/v2\/wp-json\/wp\/v2\/comments?post=969"}],"version-history":[{"count":2,"href":"http:\/\/www.vivacor.com.br\/v2\/wp-json\/wp\/v2\/pages\/969\/revisions"}],"predecessor-version":[{"id":979,"href":"http:\/\/www.vivacor.com.br\/v2\/wp-json\/wp\/v2\/pages\/969\/revisions\/979"}],"wp:attachment":[{"href":"http:\/\/www.vivacor.com.br\/v2\/wp-json\/wp\/v2\/media?parent=969"}],"curies":[{"name":"wp","href":"https:\/\/api.w.org\/{rel}","templated":true}]}}

Vernizes &#8211; Base Água v2

<p>VERNIZ DE COMPLEMENTO &#8211; Produto destinado ao preparo de tintas em conjunto com as bases concentradas.</p>
<p>VERNIZ DE CORTE &#8211; Desenvolvido para ser usado como redutor de intensidade das tintas.</p>
<p>VERNIZ DE BRILHO &#8211; Realça o brilho, proporcionando destaque da impressão.</p>
<p>VERNIZ PROTEÇÃO &#8211; Para proteger a impressão de agente externos como: água, atrito e outros.</p>

<p>VERNIZ DE COMPLEMENTO &#8211; Produto destinado ao preparo de tintas em conjunto com as bases concentradas. VERNIZ DE CORTE &#8211; Desenvolvido para ser usado como redutor de intensidade das tintas. VERNIZ DE BRILHO &#8211; Realça o brilho, proporcionando destaque da impressão. VERNIZ PROTEÇÃO &#8211; Para proteger a impressão de agente externos como: água, atrito e outros.</p>
